ainder when 218 is divided by 43?
3
Calculate the remainder when 357 is divided by 60.
57
What is the remainder when 219 is divided by 18?
3
Calculate the remainder when 629 is divided by 15.
14
Calculate the remainder when 77 is divided by 12.
5
Calculate the remainder when 62 is divided by 8.
6
Calculate the remainder when 259 is divided by 126.
7
Calculate the remainder when 11 is divided by 10.
1
What is the remainder when 51 is divided by 9?
6
Calculate the remainder when 2006 is divided by 30.
26
What is the remainder when 67 is divided by 34?
33
What is the remainder when 287 is divided by 141?
5
Calculate the remainder when 10572 is divided by 3521.
9
What is the remainder when 87 is divided by 33?
21
What is the remainder when 155 is divided by 58?
39
What is the remainder when 132 is divided by 54?
24
Calculate the remainder when 293 is divided by 48.
5
Calculate the remainder when 22666 is divided by 28.
14
Calculate the remainder when 369 is divided by 3.
0
Calculate the remainder when 336 is divided by 13.
11
Calculate the remainder when 24 is divided by 23.
1
Calculate the remainder when 2039 is divided by 30.
29
Calculate the remainder when 6995 is divided by 140.
135
Calculate the remainder when 172 is divided by 25.
22
What is the remainder when 172 is divided by 89?
83
What is the remainder when 436 is divided by 344?
92
What is the remainder when 1045 is divided by 151?
139
What is the remainder when 589 is divided by 28?
1
What is the remainder when 1190 is divided by 34?
0
What is the remainder when 531 is divided by 19?
18
What is the remainder when 615 is divided by 11?
10
What is the remainder when 19800 is divided by 123?
120
Calculate the remainder when 5679 is divided by 40.
39
What is the remainder when 590 is divided by 16?
14
Calculate the remainder when 1002 is divided by 359.
284
Calculate the remainder when 88 is divided by 9.
7
Calculate the remainder when 17 is divided by 12.
5
Calculate the remainder when 96 is divided by 34.
28
What is the remainder when 27062 is divided by 17?
15
Calculate the remainder when 364 is divided by 9.
4
What is the remainder when 53 is divided by 33?
20
What is the remainder when 53 is divided by 41?
12
Calculate the remainder when 1092 is divided by 15.
12
What is the remainder when 85 is divided by 14?
1
What is the remainder when 592 is divided by 75?
67
Calculate the remainder when 529 is divided by 187.
155
What is the remainder when 42 is divided by 24?
18
What is the remainder when 445 is divided by 7?
4
What is the remainder when 618 is divided by 59?
28
Calculate the remainder when 54 is divided by 25.
4
What is the remainder when 93 is divided by 14?
9
Calculate the remainder when 519 is divided by 54.
33
What is the remainder when 471 is divided by 47?
1
Calculate the remainder when 63 is divided by 4.
3
Calculate the remainder when 88 is divided by 56.
32
What is the remainder when 1350 is divided by 227?
215
Calculate the remainder when 45 is divided by 16.
13
Calculate the remainder when 2430 is divided by 29.
23
What is the remainder when 609 is divided by 17?
14
Calculate the remainder when 420 is divided by 106.
102
What is the remainder when 725 is divided by 6?
5
What is the remainder when 148 is divided by 15?
13
What is the remainder when 178 is divided by 45?
43
Calculate the remainder when 621 is divided by 16.
13
What is the remainder when 448 is divided by 211?
26
Calculate the remainder when 3181 is divided by 177.
172
What is the remainder when 666 is divided by 169?
159
Calculate the remainder when 184 is divided by 38.
32
Calculate the remainder when 253 is divided by 20.
13
What is the remainder when 2272 is divided by 23?
18
Calculate the remainder when 17515 is divided by 58.
57
What is the remainder when 63 is divided by 8?
7
Calculate the remainder when 252 is divided by 64.
60
What is the remainder when 411 is divided by 52?
47
Calculate the remainder when 88 is divided by 38.
12
Calculate the remainder when 282 is divided by 51.
27
What is the remainder when 4779 is divided by 20?
19
What is the remainder when 2447 is divided by 39?
29
What is the remainder when 1462 is divided by 5?
2
Calculate the remainder when 208 is divided by 198.
10
What is the remainder when 1865 is divided by 134?
123
What is the remainder when 8 is divided by 5?
3
What is the remainder when 207 is divided by 152?
55
Calculate the remainder when 381 is divided by 105.
66
What is the remainder when 136 is divided by 29?
20
Calculate the remainder when 361 is divided by 122.
117
What is the remainder when 694 is divided by 56?
22
Calculate the remainder when 3952 is divided by 61.
48
Calculate the remainder when 906 is divided by 83.
76
What is the remainder when 178 is divided by 42?
10
What is the remainder when 336 is divided by 20?
16
What is the remainder when 106 is divided by 18?
16
Calculate the remainder when 2417 is divided by 73.
8
Calculate the remainder when 11682 is divided by 15.
12
What is the remainder when 41 is divided by 12?
5
What is the remainder when 1727 is divided by 19?
17
What is the remainder when 1224 is divided by 2?
0
Calculate the remainder when 5737 is divided by 5.
2
What is the remainder when 253 is divided by 44?
33
Calculate the remainder when 170 is divided by 27.
8
Calculate the remainder when 104 is divided by 55.
49
Calculate the remainder when 155 is divided by 52.
51
What is the remainder when 2461 is divided by 8?
5
What is the remainder when 377 is divided by 30?
17
What is the remainder when 2024 is divided by 326?
68
Calculate the remainder when 2561 is divided by 217.
174
What is the remainder when 57 is divided by 6?
3
Calculate the remainder when 3275 is divided by 13.
12
Calculate the remainder when 3260 is divided by 34.
30
What is the remainder when 548 is divided by 46?
42
Calculate the remainder when 352 is divided by 119.
114
What is the remainder when 798 is divided by 50?
48
What is the remainder when 129 is divided by 66?
63
Calculate the remainder when 362 is divided by 61.
57
What is the remainder when 458 is divided by 42?
38
Calculate the remainder when 5795 is divided by 207.
206
What is the remainder when 1287 is divided by 30?
27
What is the remainder when 243 is divided by 49?
47
Calculate the remainder when 569 is divided by 143.
140
Calculate the remainder when 73 is divided by 13.
8
What is the remainder when 358 is divided by 24?
22
Calculate the remainder when 1431 is divided by 92.
51
Calculate the remainder when 14 is divided by 7.
0
Calculate the remainder when 1677 is divided by 16.
13
Calculate the remainder when 1038 is divided by 95.
88
Calculate the remainder when 156 is divided by 42.
30
Calculate the remainder when 188 is divided by 9.
8
Calculate the remainder when 650 is divided by 630.
20
What is the remainder when 70 is divided by 17?
2
Calculate the remainder when 518 is divided by 139.
101
Calculate the remainder when 215 is divided by 34.
11
What is the remainder when 401 is divided by 134?
133
Calculate the remainder when 1157 is divided by 572.
13
Calculate the remainder when 1883 is divided by 330.
233
Calculate the remainder when 2889 is divided by 107.
0
Calculate the remainder when 86 is divided by 25.
11
Calculate the remainder when 182 is divided by 21.
14
Calculate the remainder when 38 is divided by 21.
17
Calculate the remainder when 6989 is divided by 23.
20
What is the remainder when 131 is divided by 61?
9
Calculate the remainder when 109 is divided by 13.
5
What is the remainder when 1343 is divided by 25?
18
What is the remainder when 4551 is divided by 29?
27
What is the remainder when 395 is divided by 57?
53
Calculate the remainder when 460 is divided by 116.
112
Calculate the remainder when 89 is divided by 67.
22
Calculate the remainder when 6644 is divided by 23.
20
Calculate the remainder when 155 is divided by 53.
49
What is the remainder when 110 is divided by 20?
10
What is the remainder when 2083 is divided by 210?
193
Calculate the remainder when 2475 is divided by 205.
15
Calculate the remainder when 4784 is divided by 63.
59
Calculate the remainder when 233 is divided by 64.
41
What is the remainder when 648 is divided by 22?
10
Calculate the remai